he remainder when 263224 is divided by 114?
112
What is the remainder when 3434 is divided by 209?
90
Calculate the remainder when 70475 is divided by 1961.
1840
What is the remainder when 108221 is divided by 2404?
41
Calculate the remainder when 10926 is divided by 39.
6
What is the remainder when 3671 is divided by 269?
174
Calculate the remainder when 65804 is divided by 615.
614
What is the remainder when 84807 is divided by 80?
7
What is the remainder when 1629 is divided by 470?
219
Calculate the remainder when 80614 is divided by 560.
534
What is the remainder when 96669 is divided by 349?
345
What is the remainder when 190054 is divided by 12?
10
What is the remainder when 15462 is divided by 31?
24
Calculate the remainder when 10197 is divided by 600.
597
What is the remainder when 215677 is divided by 1205?
1187
Calculate the remainder when 195504 is divided by 65167.
3
Calculate the remainder when 1300 is divided by 130.
0
Calculate the remainder when 24065 is divided by 92.
53
What is the remainder when 18730 is divided by 1872?
10
Calculate the remainder when 324191 is divided by 12467.
49
Calculate the remainder when 334305 is divided by 167135.
35
Calculate the remainder when 39011 is divided by 542.
529
Calculate the remainder when 18182 is divided by 433.
429
Calculate the remainder when 155811 is divided by 1457.
1369
Calculate the remainder when 16158 is divided by 15010.
1148
Calculate the remainder when 1592 is divided by 319.
316
What is the remainder when 51207 is divided by 951?
804
Calculate the remainder when 30429 is divided by 1383.
3
Calculate the remainder when 714033 is divided by 471.
468
Calculate the remainder when 6838 is divided by 30.
28
What is the remainder when 13701 is divided by 403?
402
Calculate the remainder when 386205 is divided by 37.
36
What is the remainder when 230361 is divided by 38390?
21
What is the remainder when 75046 is divided by 354?
352
Calculate the remainder when 26230 is divided by 13115.
0
What is the remainder when 22506 is divided by 1072?
1066
Calculate the remainder when 12772 is divided by 3153.
160
What is the remainder when 9335 is divided by 63?
11
What is the remainder when 18075 is divided by 330?
255
What is the remainder when 183 is divided by 122?
61
Calculate the remainder when 1213 is divided by 112.
93
What is the remainder when 364050 is divided by 917?
1
Calculate the remainder when 15017 is divided by 3736.
73
What is the remainder when 1248367 is divided by 44?
43
Calculate the remainder when 837 is divided by 366.
105
Calculate the remainder when 77905 is divided by 48.
1
What is the remainder when 11007 is divided by 121?
117
What is the remainder when 1998 is divided by 363?
183
Calculate the remainder when 1570 is divided by 329.
254
What is the remainder when 83345 is divided by 458?
447
Calculate the remainder when 13044 is divided by 13.
5
What is the remainder when 40646 is divided by 468?
398
Calculate the remainder when 149135 is divided by 509.
507
Calculate the remainder when 35498 is divided by 17744.
10
Calculate the remainder when 4771 is divided by 191.
187
What is the remainder when 6705 is divided by 156?
153
What is the remainder when 3906327 is divided by 1953162?
3
Calculate the remainder when 18383 is divided by 29.
26
What is the remainder when 67944 is divided by 1783?
190
What is the remainder when 74096 is divided by 541?
520
What is the remainder when 97401 is divided by 9?
3
What is the remainder when 24401 is divided by 78?
65
Calculate the remainder when 38237 is divided by 7642.
27
What is the remainder when 76988 is divided by 223?
53
Calculate the remainder when 2744 is divided by 804.
332
What is the remainder when 5119 is divided by 26?
23
Calculate the remainder when 800 is divided by 79.
10
What is the remainder when 1244445 is divided by 207405?
15
What is the remainder when 29810 is divided by 14901?
8
Calculate the remainder when 7990 is divided by 109.
33
Calculate the remainder when 143505 is divided by 9.
0
Calculate the remainder when 33178 is divided by 614.
22
Calculate the remainder when 10398 is divided by 475.
423
Calculate the remainder when 5504 is divided by 191.
156
What is the remainder when 2688 is divided by 108?
96
What is the remainder when 916885 is divided by 2333?
16
Calculate the remainder when 19081 is divided by 681.
13
What is the remainder when 1078034 is divided by 1060?
14
What is the remainder when 11952 is divided by 278?
276
Calculate the remainder when 53027 is divided by 17666.
29
What is the remainder when 6126 is divided by 269?
208
What is the remainder when 135200 is divided by 1572?
8
What is the remainder when 697 is divided by 275?
147
Calculate the remainder when 32840 is divided by 357.
353
What is the remainder when 670758 is divided by 39?
36
Calculate the remainder when 2972653 is divided by 236.
233
Calculate the remainder when 32204 is divided by 25.
4
Calculate the remainder when 5463 is divided by 38.
29
What is the remainder when 86524 is divided by 329?
326
Calculate the remainder when 18034 is divided by 3533.
369
What is the remainder when 405685 is divided by 136?
133
What is the remainder when 8386 is divided by 189?
70
What is the remainder when 195270 is divided by 251?
243
What is the remainder when 80349 is divided by 62?
59
Calculate the remainder when 2707 is divided by 390.
367
What is the remainder when 784 is divided by 141?
79
What is the remainder when 40928 is divided by 65?
43
Calculate the remainder when 30358 is divided by 7579.
42
Calculate the remainder when 1507061 is divided by 38.
19
Calculate the remainder when 32681 is divided by 7769.
1605
What is the remainder when 111102 is divided by 811?
806
Calculate the remainder when 26214 is divided by 232.
230
Calculate the remainder when 1362940 is divided by 128.
124
Calculate the remainder when 44462 is divided by 440.
22
Calculate the remainder when 15410 is divided by 302.
8
What is the remainder when 3799 is divided by 389?
298
What is the remainder when 197196 is divided by 21909?
15
Calculate the remainder when 33499 is divided by 125.
124
Calculate the remainder when 18775 is divided by 26.
3
Calculate the remainder when 13003 is divided by 11.
1
What is the remainder when 193063 is divided by 193053?
10
What is the remainder when 644432 is divided by 146?
134
What is the remainder when 35740 is divided by 58?
12
Calculate the remainder when 565485 is divided by 639.
609
What is the remainder when 2530 is divided by 181?
177
What is the remainder when 1137044 is divided by 273?
272
Calculate the remainder when 60115 is divided by 133.
132
Calculate the remainder when 7499 is divided by 13.
11
What is the remainder when 325958 is divided by 40?
38
What is the remainder when 10475 is divided by 4906?
663
What is the remainder when 3347 is divided by 1117?
1113
What is the remainder when 290404 is divided by 20741?
30
What is the remainder when 1730636 is divided by 120?
116
Calculate the remainder when 80356 is divided by 5356.
16
Calculate the remainder when 10874 is divided by 2500.
874
Calculate the remainder when 623329 is divided by 143.
135
What is the remainder when 4321 is divided by 149?
0
Calculate the remainder when 14820 is divided by 1664.
1508
Calculate the remainder when 2118 is divided by 1490.
628
What is the remainder when 1389 is divided by 268?
49
Calculate the remainder when 102601 is divided by 20502.
91
What is the remainder when 15563 is divided by 101?
9
Calculate the remainder when 163731 is divided by 68.
55
Calculate the remainder when 4288 is divided by 1040.
128
What is the remainder when 18941 is divided by 911?
721
What is the remainder when 49354 is divided by 181?
122
What is the remainder when 15557 is divided by 37?
17
What is the remainder when 885753 is divided by 2803?
5
What is the remainder when 43241 is divided by 43241?
0
What is the remainder when 14560 is divided by 91?
0
Calculate the remainder when 396472 is divided by 39.
37
What is the remainder when 16731 is divided by 204?
3
Calculate the remainder when 392656 is divided by 157.
156
What is the remainder when 3746 is divided by 570?
326
Calculate the remainder when 56358 is divided by 924.